4, what is -27dc7b0 + -11?
-27dc7c1
In base 12, what is 4733618 + -4?
4733614
In base 13, what is c8a573 + -13?
c8a560
In base 5, what is -30012402 - -130?
-30012222
In base 4, what is -31022201023 - 10?
-31022201033
In base 16, what is -b - 7c5f1?
-7c5fc
In base 16, what is 0 - -1966d65?
1966d65
In base 11, what is 12315 - 1a5?
12120
In base 15, what is -15e2 - c4b7?
-daa9
In base 12, what is 3 + 210253a3?
210253a6
In base 4, what is -21122211233 + -323?
-21122212222
In base 13, what is -4 - 503bc90?
-503bc94
In base 13, what is -7b75bc + 69?
-7b7553
In base 10, what is 22850 + 5?
22855
In base 13, what is 8 + 863b46?
863b51
In base 5, what is -20210020 + 114130?
-20040340
In base 10, what is -18 - -200310?
200292
In base 9, what is 24443 + -35671?
-11227
In base 4, what is -101213302 - 3012331?
-110232233
In base 3, what is 2211111222101122 + -10?
2211111222101112
In base 14, what is a57d9a + -27?
a57d73
In base 15, what is 1a + 175?
190
In base 13, what is 30434 - b?
30426
In base 16, what is -15ec36 + 1f?
-15ec17
In base 10, what is -25489093 + 2?
-25489091
In base 10, what is -3875 + -46487?
-50362
In base 11, what is a2a97 - -10?
a2aa7
In base 13, what is 29c96b4 + -4?
29c96b0
In base 3, what is 2001 + -21212001122?
-21211222121
In base 14, what is -423d + -429?
-4668
In base 9, what is -6036 - -48070?
42033
In base 4, what is -1000330 - -200212133?
133211203
In base 8, what is 43334646 + -5?
43334641
In base 7, what is -130252535 + 11?
-130252524
In base 5, what is -2122333421 + 3?
-2122333413
In base 3, what is 111 - 2201210210201?
-2201210210020
In base 6, what is 441502 + -10135?
431323
In base 7, what is 40453443 + -14?
40453426
In base 10, what is -536887 + 25?
-536862
In base 7, what is 24 + 6454353?
6454410
In base 15, what is 8 + -23a2d28?
-23a2d20
In base 2, what is 111001001 + 110010101010?
111001110011
In base 2, what is -10001100011000100010110111 - 101?
-10001100011000100010111100
In base 8, what is 111372 - -3075?
114467
In base 13, what is -1b24542 - 1?
-1b24543
In base 9, what is 204550523 - -3?
204550526
In base 10, what is 715 + 113652?
114367
In base 7, what is -2262 + 326454?
324162
In base 11, what is 14753 - 8723?
7030
In base 4, what is 10032102 - 12002?
10020100
In base 7, what is -14511566 - -5?
-14511561
In base 11, what is 118 - -1581219?
1581336
In base 12, what is 135778 - 251?
135527
In base 9, what is 2 + -132006877?
-132006875
In base 14, what is -402 + 6780?
637c
In base 9, what is -388211 - -1144?
-387056
In base 8, what is 6327177 - -223?
6327422
In base 16, what is -187 + -45a16?
-45b9d
In base 4, what is 313 + -123303?
-122330
In base 9, what is -1 - -1717051?
1717050
In base 3, what is 2200121101022 + 20102?
2200121121201
In base 8, what is 563 - 357557?
-356774
In base 15, what is d7 + d218?
d300
In base 5, what is 100 + -210144121?
-210144021
In base 8, what is 1531740754 + 2?
1531740756
In base 9, what is -12642 + 16387?
3645
In base 15, what is -4 + -8b86064?
-8b86068
In base 4, what is 0 - 101112311321?
-101112311321
In base 13, what is -4 + -19c68241?
-19c68245
In base 8, what is 0 - -6664230?
6664230
In base 2, what is -1100001111 + 1010110100000?
1001010010001
In base 12, what is 381 - 172614?
-172253
In base 8, what is 2130 - 26647?
-24517
In base 12, what is 4396 - -a85?
525b
In base 8, what is -6655537 - 16?
-6655555
In base 9, what is 72 + -28458?
-28376
In base 11, what is 21 - 5344742?
-5344721
In base 8, what is -435 - 243745?
-244402
In base 10, what is 244955682 - 4?
244955678
In base 2, what is -110010000000011 + 101011110001?
-101100100010010
In base 7, what is -36 + -43350?
-43416
In base 8, what is -22221 - -153214?
130773
In base 8, what is -2330316 - -1572?
-2326524
In base 6, what is 2232254342 - -54?
2232254440
In base 10, what is 103 - -38453?
38556
In base 8, what is 0 - -43347271?
43347271
In base 6, what is -2244 + -134454?
-141142
In base 7, what is -155206 - 3312?
-161521
In base 6, what is -2 - 11410514004?
-11410514010
In base 10, what is -5459 + 2762?
-2697
In base 12, what is -14b7 + -56984?
-5827b
In base 2, what is -1001010101010100011000001 + -10?
-1001010101010100011000011
In base 5, what is -2332243122 + -12?
-2332243134
In base 14, what is -16a9 + d667?
bd9c
In base 16, what is 202cffc + 4?
202d000
In base 2, what is 1111011011111001 - -11001?
1111011100010010
In base 15, what is -1a + 4882c?
48812
In base 15, what is -83495 - 69?
-8350e
In base 6, what is 500051 + 1124?
501215
In base 8, what is -10 - 6222576?
-6222606
In base 9, what is -14380 - -3484?
-10785
In base 16, what is 12b + -1036d?
-10242
In base 15, what is -2d1 - -12c4?
ee3
In base 16, what is -55 - 9a2e?
-9a83
In base 9, what is -35 - 65558285?
-65558331
In base 10, what is 133 + 1472739?
1472872
In base 4, what is 2121 - 12011113?
-12002332
In base 10, what is 3 + 16332644?
16332647
In base 2, what is -11011001110001101010100001 + 10?
-11011001110001101010011111
In base 5, what is -2100213 + -1?
-2100214
In base 2, what is -1011011 + 111011101000001011100?
111011101000000000001
In base 7, what is -133040 - -1023?
-132014
In base 4, what is 13130001332 + -32?
13130001300
In base 13, what is 3b106b - -10?
3b107b
In base 9, what is -1308612 - 0?
-1308612
In base 8, what is -25023 + -215757?
-243002
In base 11, what is 78 + 159315a?
1593227
In base 5, what is -313 - -1040431121?
1040430303
In base 4, what is -10033322311 + -22133?
-10100011110
In base 2, what is 1111111000101100001 - 1011010?
1111111000100000111
In base 12, what is -502992a - -1?
-5029929
In base 2, what is -1011100010100011 + -10011001110?
-1011110101110001
In base 16, what is -aaa - -6c62?
61b8
In base 4, what is 13112131111322 + 10?
13112131111332
In base 14, what is 19bc0 + 5d?
19c3d
In base 2, what is 11101000110000011001000 + -11?
11101000110000011000101
In base 11, what is 1 + -70847?
-70846
In base 3, what is 10222222212220 - -220?
10222222220210
In base 11, what is -40 - 386a746?
-386a786
In base 13, what is -1b94 + -2a15?
-48a9
In base 11, what is 30a25703 - 4?
30a256aa
In base 7, what is -21505 + -364?
-22202
In base 5, what is 3 - -2101443331?
2101443334
In base 15, what is -2 + 879422?
879420
In base 3, what is 201201212210202 + 1?
201201212210210
In base 5, what is -2204410 - 134?
-2210044
In base 12, what is 10003846 - 3a?
10003808
In base 9, what is 0 + -85302136?
-85302136
In base 5, what is -41400 - 104122?
-201022
In base 9, what is -54 + 1848857?
1848803
In base 6, what is 141201 + 4155?
145400
In base 15, what is e7c28 - 1bd?
e7a5a
In base 6, what is 252050320 + 1?
252050321
In base 5, what is -2423403200 + -2?
-2423403202
In base 16, what is -35e3a - -51?
-35de9
In base 12, what is 326943 + -3?
326940
In base 14, what is 45a - 8d22?
-88a6
In base 6, what is 10552452 - 43?
10552405
In base 2, what is 11001 + 110101110001000100010?
110101110001000111011
In base 11, what is -9 + -3024145?
-3024153
In base 16, what is -1 + -b86c2fa?
-b86c2fb
In base 9, what is 354128 + -102?
354026
In base 3, what is -200220110 - -12112000?
-111101110
In base 9, what is 23031 + -5804?
16126
In base 12, what is 1b441298 + -2?
1b441296
In base 11, what is 163141 + -201?
162a40
In base 16, what is -67 + -948fd?
-94964
In base 15, what is 15a6ce6 + 2c?
15a6d23
In base 14, what is 133 + 13634?
13767
In base 15, what is 735767 + -23?
735744
In base 2, what is 101100 - 1001000101011001?
-1001000100101101
In base 9, what is 254525 - 6332?
247183
In base 16, what is -1e117 - -2c1?
-1de56
In base 6, what is 21 - -34543321?
34543342
In base 5, what is 2 - -4103302321?
4103302323
In base 5, what is 13200440304 + -2?
13200440302
In base 6, what is -252343 + -2410?
-255153
In base 3, what is 1020121012010 + -11?
1020121011222
In base 10, what is -1082 - 10723?
-11805
In base 5, what is 342 + 13120232?
13121124
In base 13, what is 438b77 - -244?
4390bb
In base 2, what is -11011101101101101001001100111 - 1?
-11011101101101101001001101000
In base 15, what is -a5b2cc + -2?
-a5b2ce
In base 9, what is 256873 - 72?
256801
In base 4, what is 21 + -3123230011?
-3123223330
In base 11, what is -46 - -18268?
18222
In base 4, what is -32011 - -2012131?
1320120
In base 13, what is 1c70 - -4910?
6880
In base 15, what is 2b8d717 - 0?
2b8d717
In base 8, 